on divisor of 11907 and o?
49
Suppose -3*t = -3*m - 39, -24*t + 35 = -3*m - 22*t. Let n(u) = -2*u**2 - 19*u + 22. Let d be n(m). Calculate the greatest common factor of 496 and d.
31
Let g(x) = 2*x**2 + 67*x + 333. Let k be g(-29). What is the highest common divisor of k and 234?
18
Let m(f) = 21*f**2 + 70*f + 139. Let h be m(-2). Calculate the greatest common divisor of h and 2.
1
Let p be ((-92)/6 + 1)/((-158)/1896). Calculate the highest common factor of 22 and p.
2
Let p(c) = c**3 - 6*c - 16. Let m be p(5). Let s = 136 - m. What is the greatest common divisor of s and 38?
19
Let w(j) = 17*j**2 + j - 2. Suppose -4*k + 140 = 96. Suppose -k*g + 18 = 7. Let x be w(g). Calculate the highest common factor of 176 and x.
16
Suppose 678 = 3*l - 699. Suppose 0 = -30*s + 102 + 708. What is the greatest common divisor of l and s?
27
Suppose -5*b = -13*b + 1800. Let x be 10/(-15)*(-7)/(42/b). Calculate the highest common factor of x and 325.
25
Let l(g) = 78*g - 7380. Let u be l(106). What is the greatest common divisor of u and 84?
12
Suppose 41 = -35*g + 6. Let d be g*(3 + -23)/5 + 41. Calculate the greatest common factor of 495 and d.
45
Suppose -2*t = -6*t + 192. Suppose 62*r + 124 = -62. Let z be (-3132)/203*14/r. What is the highest common divisor of t and z?
24
Let m be 7 - (-656 + (-64)/8). Let x = 258 + -247. Calculate the highest common divisor of m and x.
11
Suppose 0 = -3*q - 4*p + 96, -2*q - 19 = -3*q + 3*p. Suppose -2*s = 5*z - 126, 31 = z - 2*s - 11. Calculate the highest common factor of z and q.
28
Suppose -41*o + 987 = -120. Calculate the greatest common divisor of o and 432.
27
Let b = 8 + -4. Suppose -b*r + 2*l = 0, 0*l = -l. Suppose r = -13*y + 18*y - 100. Calculate the highest common factor of y and 20.
20
Let r(h) = -40*h - 24. Let j be r(-19). Let y(x) = -x**2 - 2*x + 58. Let b be y(-7). Calculate the greatest common factor of b and j.
23
Let p(z) = -9*z + 1571. Let n be p(137). Calculate the highest common factor of 286 and n.
26
Suppose 3*h - 7675 = 2*w, -30*h + 6*w + 2537 = -29*h. Calculate the highest common divisor of 65 and h.
13
Let k(s) = 130*s - 1635. Let n be k(14). Suppose -32 = -2*m + 42. What is the greatest common factor of m and n?
37
Let g(l) = -72*l**2 + 1805*l + 25. Let y be g(25). Calculate the greatest common divisor of y and 5175.
75
Let s(n) = -35 - 17*n - 130*n**2 + 129*n**2 - 13. Let b be s(-12). Calculate the highest common divisor of b and 78.
6
Let w be ((-365)/(-20) + 7)*-4. Let s be 151/6*14 - w/(-303). What is the greatest common divisor of s and 32?
32
Suppose 5*a = 0, -3*a + 3 = 5*i - 7. Let k(q) = 3*q**2 - 3*q + 6. Let o be k(i). What is the greatest common divisor of 42 and o?
6
Let a(u) = 239*u**2 + 21*u + 54. Let p be a(-4). What is the greatest common divisor of 28 and p?
14
Let c = -4 - -9. Let m be c - (-32)/(-4) - -97. What is the greatest common factor of 2 and m?
2
Suppose -3*w + 3 = -6. Suppose -w*h = -0*h - 6. Let a(k) = -k**2 - 37*k + 259. Let l be a(-43). Calculate the greatest common divisor of h and l.
1
Suppose 0 = 30*o + 6*o - 1229 - 9139. Calculate the highest common divisor of o and 16.
16
Let u be 2225/(-4) - 29/(-116). Let j = u + 608. What is the highest common factor of j and 65?
13
Let x be 3 - 105/36 - (-816176)/192 - 1. Calculate the greatest common factor of x and 1250.
250
Suppose -6*r = 14*r - 1460. Suppose r + 77 = 5*m. What is the greatest common divisor of 12 and m?
6
Let p = -830 + 836. Suppose 2*f + 0 = h - 1, 2*f - 3*h = -7. Let a be (-722)/(-12) - f/p. Calculate the highest common factor of 20 and a.
20
Suppose -31*b = -32*b + 136. Suppose -3*z + 1034 + b = 0. What is the highest common factor of z and 15?
15
Let r(n) = -4*n**2 + 68*n + 392. Let i be r(21). Calculate the highest common factor of 3752 and i.
56
Let x(t) = 986*t**3 + 7*t**2 - 14*t. Let q be x(2). What is the greatest common divisor of 272 and q?
272
Suppose 3*z - 58 = -2*b - 21, -5*b + 90 = 5*z. Suppose 0 = 52*d - b*d - 630. Calculate the greatest common divisor of d and 117.
9
Suppose 4*p - 10*j + 6*j + 2128 = 0, 1600 = -3*p + j. Let d = -234 - p. What is the highest common divisor of d and 12?
12
Let g = 73 - 610. Let r = g - -606. What is the greatest common divisor of r and 1173?
69
Suppose 55*f - 161 = 48*f. Suppose -26*v = -f*v - 147. Calculate the greatest common divisor of v and 343.
49
Suppose -6 = t - 8. Let f = t + 86. Suppose -f = -4*o + 4*m, -4*o = -3*o - 3*m - 18. Calculate the greatest common divisor of o and 6.
6
Let b(d) = -3*d + 8. Suppose -170 = -5*k - 2*o, 0 = -o + 5. Suppose -2*h = 6*h + k. Let g be b(h). What is the highest common factor of 10 and g?
10
Suppose -9*w = 11*w - 19*w - 20. What is the greatest common divisor of 500 and w?
20
Let h be (-1)/(2*(-1)/64). Let z be (h/12 - 2) + (-141)/9. Let k(w) = -w**2 - 15*w + 15. Let c be k(z). Calculate the greatest common divisor of c and 30.
15
Suppose 11*q + 1463 = 18*q. Suppose -q - 114 = -17*h. What is the highest common factor of 361 and h?
19
Let p be 79/((-170)/(-12) - 14). Calculate the highest common factor of 3 and p.
3
Let x = 191 + -170. Suppose -x*f + 80 = -17*f. What is the highest common divisor of f and 4?
4
Let u be (16/(-3) + 4)*27. Let l = -36 - u. Let k be (3 - (-13 - 0)) + (l - 2). What is the highest common divisor of k and 112?
14
Let n = -10 + 12. Let g be 1 + (-4)/8 - (-275)/n. Let b = g + 12. What is the highest common factor of b and 60?
30
Suppose -9176 = 20*f - 36676. What is the greatest common factor of f and 55?
55
Let a be (1 - -3)/20*5. Suppose 444 = -6*l - 96. Let y = -89 - l. Calculate the greatest common factor of y and a.
1
Suppose -3*p - u - 18 = -6*p, 2 = p + u. Let m be -8*(p/(-16))/((-2)/(-8)). Calculate the highest common factor of m and 95.
5
Suppose -268*i = 56922 - 315810. Calculate the highest common factor of 294 and i.
42
Let n = 50 - 27. Suppose 5*b = 2*u + 21, -24 = -4*b - u - 15. Let r be 5*((5 - b) + n). Calculate the highest common divisor of r and 25.
25
Let y(w) = 9*w - 8. Let c be y(8). Let a(g) = 2*g + 8. Let s be a(-4). Suppose s*v + 192 = 2*v. Calculate the greatest common divisor of v and c.
32
Let s be ((-101)/(-3))/1 - (-32)/(-48). Let d be 7/(4 + (-258)/66). What is the greatest common divisor of s and d?
11
Suppose 47*r - 510 = 242. Let b = 883 - 515. What is the highest common divisor of r and b?
16
Let b(d) = -d**3 - 8*d**2 + 6*d - 22. Let o be b(-9). Let h = -15796 - -16001. What is the highest common factor of h and o?
5
Suppose -3*k = -2*i - 82, -2*k + i + 43 = -13. Suppose -k*s - 22 = -32*s. What is the greatest common divisor of 22 and s?
11
Let h be ((-54)/(-24) - 1)*(-2 + 6). What is the greatest common divisor of 335 and h?
5
Let n(t) = t**3 + 6*t**2 + 5*t + 4. Let y be n(-4). Let o(f) = f**3 - 14*f**2 - 22*f - 29. Let v be o(17). What is the greatest common factor of v and y?
16
Let s = 69 + -25. What is the greatest common factor of s and 1562?
22
Let k = 83 - 155. Let c be (33/(-4))/(6/k). Let v be (-1)/2 + (-69)/(-6). What is the highest common divisor of v and c?
11
Let v = -360 + 316. Let p(d) = 2*d**2 + 86*d - 80. Let c be p(v). What is the highest common factor of c and 1208?
8
Let s be (-108)/432*(-563 + -1). Calculate the highest common factor of s and 564.
141
Let o = 239 - 220. Let r(k) = -7*k**2 + 34*k - 2. Let w be r(2). What is the highest common factor of w and o?
19
Let z(y) = -4*y**2 - 35*y + 16. Let i be z(-9). Let v be (-24)/i*-21*(12 - 10). What is the highest common divisor of v and 18?
18
Let q be 82/(-205) - (0 - (-51)/(-15)). Let l be (700/125 - q/5) + 19. What is the greatest common divisor of l and 312?
24
Let w(p) = p**2 + 20*p - 67. Let i be w(-23). Let o(y) = 3*y + 2. Let h be o(i). Calculate the highest common factor of h and 56.
8
Let v = -9 + 25. Suppose -y - 2016 = -4*q, 4*q - 8*y - 2016 = -3*y. Calculate the highest common factor of v and q.
8
Let q(w) = -17*w. Let l be q(-3). Let b be 4 + (1 - -1) + 481/(-13). Let j = l + b. What is the greatest common factor of j and 5?
5
Let b(c) = c**3 - 7*c**2 + 13*c. Let o be b(3). Let z be (-2)/13 + o/(39/158). What is the highest common factor of z and 4?
4
Let r be 16/(595/66 - 9). Calculate the highest common divisor of r and 363.
33
Let m be (-16)/48*-27 - -319. Suppose 